 the highest common factor of p and o?
10
Let m = 10 - -6. Let q(r) = r**3 + 34*r**2 + 33*r + 4. Let j be q(-33). Calculate the highest common factor of m and j.
4
Let s(w) = -20*w + 2. Let j be s(-2). Let n = -51 + 72. What is the highest common factor of j and n?
21
Suppose 2*t - 7 = -15, -2*t = 2*m - 152. Suppose -4*v + 4*p + 96 = v, 0 = 3*v - 5*p - 55. What is the highest common divisor of m and v?
20
Let c = 102 - 14. Suppose -5*l + l + c = 0. Suppose -5*i + l = -3. Calculate the greatest common divisor of 1 and i.
1
Let a(b) = -14*b - 20. Let p be a(-3). What is the greatest common factor of p and 154?
22
Suppose -30 = -2*k + 36. What is the highest common divisor of 11 and k?
11
Let w = -12 - -24. What is the highest common factor of w and 48?
12
Let t be (-8)/6*27/(-9). Suppose -4*b = t*y, -5*y + 7 + 13 = -5*b. Let j be ((-4)/(-3))/(b/(-24)). Calculate the highest common divisor of j and 4.
4
Suppose 12*z - 5 = 11*z. Suppose -o = 5*a - 110, a = -3*o + z*a + 330. What is the highest common divisor of o and 11?
11
Let k be (-3)/4*264/(-6). What is the highest common divisor of 363 and k?
33
Suppose 5*g = -5*x + 30, 5*x + 0 - 30 = 5*g. Suppose -3*l = -0*l - 36. Calculate the greatest common divisor of l and x.
6
Let s = -28 + 40. Let q(t) = -12*t**3 - 4*t**2 - 3*t - 2. Let x be q(-2). What is the greatest common divisor of s and x?
12
Let j(i) = 9*i**3 - i**2 - 2*i - 1. Let r be j(-1). Let g be ((-30)/r)/((-8)/(-204)). Suppose -5*n = -3*n - 68. What is the highest common factor of n and g?
17
Let l = -8 + 3. Let p = 14 + l. Calculate the greatest common factor of 63 and p.
9
Let h(p) = -9*p**3 - p. Suppose -45 - 10 = -5*t. Suppose 0 = -2*k + 3*i - t, -5 = k + k - i. Let f be h(k). Calculate the greatest common factor of 50 and f.
10
Let o = -4 + 85. Let b(x) = 10*x - 5*x + 2 - 3. Let n be b(2). Calculate the greatest common divisor of n and o.
9
Let w be (-5)/(58/(-14) + 4). What is the greatest common factor of 5 and w?
5
Let k be 7 + -2 + -5 + 4. What is the highest common divisor of k and 8?
4
Suppose 53*c - 123 = 12*c. Suppose 3*d = 4*d - 1. What is the greatest common factor of d and c?
1
Let s(o) = 2*o**2 - 5*o - 18. Let u be s(-8). Calculate the greatest common factor of 100 and u.
50
Let s(n) = 2*n**2 + n - 1. Let b be s(2). Suppose b + 1 = -5*y. Let p(m) = -23*m - 2. Let k be p(y). Calculate the highest common factor of k and 4.
4
Let o be (-2 + 1)/(-1) + -1. Let c be -3 - (3 + o - 114). Calculate the highest common divisor of c and 18.
18
Let p(o) = -56*o - 1. Let w be p(-1). Let c = 115 - w. Let y be 154/10 - 10/25. What is the greatest common factor of y and c?
15
Let c = -173 - -263. What is the highest common factor of c and 18?
18
Let o = 30 - 18. Suppose -i + o - 2 = 5*m, -m - 2*i = 7. Suppose w = c - m*c + 10, 0 = 3*w - 3*c - 3. Calculate the greatest common factor of 32 and w.
4
Let v(k) = -k**2 - 8*k + 9. Let m be v(-9). Suppose 4*z - 2*z - 8 = m. Let w be z + 39 + (0 - -2). Calculate the greatest common factor of w and 9.
9
Let r(i) = 5*i**2 + 3*i + 3. Let y be r(-2). Let f = 3 + y. Calculate the greatest common factor of f and 30.
10
Suppose -3*g - 5 = -3*r + 25, r - 2*g - 5 = 0. Calculate the greatest common divisor of r and 30.
15
Suppose -4*o + m = -2*m - 238, -2*o - 5*m = -106. What is the highest common factor of 87 and o?
29
Suppose 3*i - 606 = -5*z, 2*i = z + 26 - 142. Calculate the greatest common divisor of 24 and z.
24
Let h = 74 + 22. Let a = -56 + h. What is the highest common divisor of a and 8?
8
Let r = 1 + 3. Let c(q) = 0*q**2 + 3 - 4 + q**2 + r*q**3. Let t be c(1). Calculate the greatest common divisor of 28 and t.
4
Let l(o) = o**3 - 10*o**2 + 10*o - 1. Let c be l(9). Let z(u) = u**3 - 6*u**2 + 2. Let v be z(6). Calculate the greatest common divisor of c and v.
2
Suppose -260 = -3*c - 5*i, 3*i + 560 = 5*c + 104. What is the greatest common factor of c and 30?
30
Suppose 5*j = 10, t - 6*j + 2*j = -3. What is the greatest common factor of 5 and t?
5
Let q be 32/6*(9 - (-15)/(-2)). What is the highest common factor of 72 and q?
8
Let o(l) = -l**3 - 4*l**2 - 2*l - 11. Let m be o(-5). Calculate the highest common divisor of m and 36.
12
Suppose -o + 0*v - 10 = -4*v, 3*o - 2*v = 10. Suppose 0 = -0*j + 3*j - 18. What is the highest common factor of j and o?
6
Let z be (-24)/(-7)*21/6. What is the highest common divisor of 3 and z?
3
Let s be 1 - (-6 - (-1 + 1)). Let a(n) = 2*n - n - 35 + n**3 + 56. Let j be a(0). What is the highest common factor of s and j?
7
Suppose -k - 9 = -13, 37 = 3*z - 2*k. What is the greatest common factor of 75 and z?
15
Let u = -20 + 35. Let z = -321 + 366. What is the greatest common factor of z and u?
15
Suppose -4*w - 9*g = -8*g - 52, -2 = -w - 3*g. Calculate the greatest common factor of w and 112.
14
Let i(q) = -6*q - 4. Let j be i(-7). What is the greatest common factor of j and 38?
38
Suppose -w = -2*w + 20. Let b = 28 - w. Calculate the highest common divisor of b and 88.
8
Let j(p) = 9*p. Let x be j(2). Let g be (-1724)/(-12) + (-3)/(-9). What is the greatest common divisor of g and x?
18
Let o = 105 + -49. Calculate the greatest common factor of 84 and o.
28
Let n(h) = 2*h - 4. Let k be n(7). What is the greatest common factor of k and 50?
10
Suppose o - 46 = -2*t, -8*t + 10*t = 3*o - 154. What is the highest common factor of o and 25?
25
Suppose 4*r - 44 = 52. Calculate the highest common factor of r and 216.
24
Suppose -3*r + 40 = 5*b - 46, 0 = -5*b - 4*r + 88. Calculate the greatest common divisor of b and 16.
16
Suppose -2*r = 5*v - 405, 3*r - 3*v + v = 560. Let a be (-1)/(378/r - 2). What is the highest common divisor of a and 19?
19
Suppose 114 = h - 5*c, -3*c = -5*h - c + 501. Calculate the greatest common factor of h and 11.
11
Suppose -22 = 3*n + 17. Let i be (n - -1)/(-2) + 2. What is the highest common factor of 1 and i?
1
Let r be (-2)/(-11) - (-679)/77. Let m be 6/1 - 9/3. Let v be 4*(279/12 - m). Calculate the highest common factor of v and r.
9
Suppose -b = -2, -2*k + 3*b - 31 = 3. Let m be (-20)/k*(9 + -2). Calculate the highest common divisor of m and 70.
10
Suppose 5*i + 2*h - 1360 = 0, 2*i - i = -4*h + 272. Calculate the greatest common factor of 34 and i.
34
Suppose -44 = -y - y. Let v(o) = 0*o + o + 5 + 3*o**2 + 4*o. Let n be v(-5). What is the highest common factor of n and y?
11
Suppose 0 = v - 1 - 1. Suppose -v*w - 4*m + 13 = -m, m + 25 = 2*w. Calculate the greatest common divisor of w and 77.
11
Let j(s) = 6*s**2 - 45*s - 9. Let n be j(9). Let y(t) = -6*t. Let q = -2 + -1. Let r be y(q). What is the highest common factor of r and n?
18
Suppose 5*f - 1 = -6. Let m = f - -3. Calculate the highest common factor of m and 14.
2
Let t(u) = -6*u. Let h be t(-4). Let r(s) = 2*s - 2. Let c be r(7). Suppose -j - k = -c, -j + 4*k - k = -28. What is the highest common factor of h and j?
8
Let a be (3/(-6))/(2/(-96)). Let x(q) = 16*q + 22*q - 40*q + 18. Let u be x(6). What is the highest common factor of a and u?
6
Let x be 32/10*7*5. Suppose -3*s + 63 = -3*j, -33 = j - 0*j + 3*s. Let y be (0 - (-2)/(-3))*j. Calculate the greatest common divisor of y and x.
16
Let b be 3/1*(-84)/(-4). What is the greatest common divisor of 9 and b?
9
Suppose 0 = s + 30. Let r be ((-8)/(-20))/((-1)/s). Calculate the greatest common divisor of r and 132.
12
Suppose 3*d - 81 - 21 = 0. Let f(x) = 10*x - 5. Let y be f(9). What is the greatest common factor of y and d?
17
Suppose 5*h - 3*s = 27, 2*s = -4*h + 1 + 3. Let u be 0 + 0 + (18 - h). Calculate the highest common factor of 5 and u.
5
Let j be ((-1)/(-3))/(1/3). Let q be (j/1)/((-3)/(-21)). Suppose -q*i = -2*i - 80. What is the highest common divisor of i and 40?
8
Suppose 22 - 72 = -5*i. Calculate the highest common factor of i and 15.
5
Let g = -18 - -19. Suppose g = o - 64. Calculate the greatest common divisor of o and 13.
13
Suppose 0 = 3*r - r. Suppose r = -5*u + 5 - 0. Let y be u*-3 + (9 - -93). Calculate the greatest common divisor of 11 and y.
11
Let d be 2 + 43 + (-1 - 0). Suppose 3*r + 4 = 4*r. Calculate the greatest common divisor of r and d.
4
Let p(i) = i - 3. Let q be p(8). Suppose q*w = -2*g + 3*g + 8, 2*w - 14 = -5*g. Calculate the greatest common factor of g and 3.
1
Suppose -3*a = -0*a + 213. Let c(h)